en a is divided by 9?
7
Let f = -60 - -88. Let c(v) = -652*v + 4023. Calculate the remainder when c(6) is divided by f.
27
Let f be 0*(2/(-7))/((-52)/91). Calculate the remainder when 41 is divided by (26/(-39))/((-2)/(f - -18)).
5
Let m(f) = 2*f - 5 + 6 + 15. What is the remainder when m(13) is divided by (-237)/(-27) + 4/18?
6
Calculate the remainder when 1 + 0 + 164 + (11 - 10) is divided by 21.
19
Let v = -136 + 252. Calculate the remainder when v is divided by 9.
8
Let t = -3 + 7. Let f = 18 - 14. Suppose -f*w + 19 = -33. Calculate the remainder when w is divided by t.
1
Let i(w) = w**2 - 26*w + 89. Suppose -5*r - 4 - 6 = 0. What is the remainder when 0/r - 29*-2 is divided by i(3)?
18
Let p(u) = u**3 + 12*u**2 - 16*u - 10. Let l = 20 + -20. Suppose 4*m + v + 54 = l, -5*v = -0*m + 3*m + 49. What is the remainder when 113 is divided by p(m)?
26
Suppose -2*n = 24 - 72. Calculate the remainder when n is divided by 11.
2
Let u = 376 - 369. What is the remainder when 8 is divided by u?
1
Let h(k) = -k**2 - 2*k + 14. Let m be -1 + 3/(5 + -2). What is the remainder when 24 is divided by h(m)?
10
Let q(y) = 3*y + 62. Calculate the remainder when 277 is divided by q(-9).
32
Let h = 147 + -134. Calculate the remainder when (0 - 31)/(1/(-2)) is divided by h.
10
What is the remainder when 35 is divided by ((-3)/9)/((-4)/156)?
9
Let h = -9 - 11. What is the remainder when 49 is divided by (h/(-12) + -2)*-48 - 3?
10
Suppose 2*q = -22*q + 2688. Calculate the remainder when q is divided by 30.
22
Let l(m) = 12 + 8*m + 14 - 3*m. Calculate the remainder when l(0) is divided by 12.
2
Suppose -5*f + 160 = -5*r, -2*r = 2*f + f + 39. Calculate the remainder when 24 is divided by (0 + r)*(-20)/60.
6
Let r(b) = -84*b + 105. Calculate the remainder when (-6)/4*(-332)/6 is divided by r(1).
20
Let g(j) = -1 - 2*j + 0 + 0 - 6. Calculate the remainder when 10 - (-2)/(-3 - -2) is divided by g(-5).
2
Let j be (-8)/6*96/(-16). Suppose 3*k - j = k. What is the remainder when (-224)/(-22) + k/(-22) is divided by 4?
2
Suppose 45*i = 72*i - 162. Calculate the remainder when 194 is divided by i.
2
Let o be (-13 - -93)/(0/(-1) + 1). Suppose -o = -3*i - z, z - 4 = 5*z. What is the remainder when 160 is divided by i?
25
Let i = -7 - -25. Calculate the remainder when 27 is divided by i.
9
Suppose -5*m = 2*y - 5278, -5282 = -7*m + 2*m - 3*y. What is the remainder when m is divided by 349?
7
Let l(k) = 3*k - 9. Let i be (4 + -2)/((-1)/(-2)). Let y be l(i). Suppose 2*b - 4*r = 40, y*b - 4*r - 61 = r. Calculate the remainder when b is divided by 6.
4
Let b = 62 + -58. Suppose 30 = 2*i - b. Suppose -3*w - 60 = -h, -h + 5*w + 116 = h. What is the remainder when h is divided by i?
14
Suppose -9*x - 42 = -213. Calculate the remainder when 358 is divided by x.
16
Suppose 0 = f + w + w - 3, -3*w - 23 = -f. Suppose 0 = -5*t + 125. Let p = t - f. Calculate the remainder when 25 is divided by p.
11
Let s(n) = -n**3 + 4*n + 2. Let f = -3590 - -3619. What is the remainder when f is divided by s(-3)?
12
Suppose 10*f - 59 - 321 = 0. Let l(a) = a**3 + 7*a**2 + 7*a + 5. Let i be l(-6). Calculate the remainder when f is divided by (-18)/(0 + -2) - i.
8
Calculate the remainder when 49 is divided by -31 + 57 + 0*(-1)/2.
23
Let j = 5 + 34. Suppose 0 = m + 2*m - j. Let i = 300 + -277. Calculate the remainder when i is divided by m.
10
Suppose -1601 = -3*s - 2*o - 3*o, -5*s + 2643 = 2*o. What is the remainder when s is divided by 16?
15
Let j(g) = -g**3 - 2*g**2 + 69*g - 4. What is the remainder when j(-10) is divided by 18?
16
Let u be (8 - 6) + 178/1. Suppose 40 = -r + p + u, -5*p - 156 = -r. Calculate the remainder when r is divided by 23.
21
Suppose 0 = a - 4*r - 31, -a + 137 = 2*a - r. What is the remainder when a is divided by 13?
8
Let n(v) = -12*v + 4. Let a be n(2). Let c(h) = -h**2 - 20*h + 13. Calculate the remainder when c(a) is divided by 7.
6
Suppose 0 = c - 4*c - 2*t + 104, 4*c = 5*t + 108. What is the remainder when 125 is divided by c?
29
Let q(v) = -v**3 - 3*v**2 - 2*v - 2. Let n be q(-3). Suppose 0 = f - 5*u - 72, 2*f - n*u = 19 + 95. What is the remainder when f is divided by 16?
15
Let d = -33 + 40. What is the remainder when 27 is divided by 5*d/((-35)/(-10))?
7
Let y = 207 + -189. What is the remainder when 447 is divided by y?
15
Let p(g) = g**3 + g**2 - 58*g + 26. What is the remainder when 81 is divided by p(-8)?
39
Suppose 16 = 4*y, -2*w + 19 = y - 57. Suppose -u = -44 + w. What is the remainder when 22 is divided by u?
6
Suppose -3 + 14 = -2*s - 5*f, 0 = 3*s + 2*f. Suppose -212 - 98 = -s*t. Calculate the remainder when t is divided by 39.
38
Suppose 2*o - 9 + 1 = 0. Let m = -8864 + 8882. What is the remainder when m is divided by o?
2
Let r(i) = 9*i**2 + 5*i + 2. Let u be r(-1). Suppose 0 = -9*p + u*p + 90. What is the remainder when p is divided by 18?
12
Suppose 0*g + 900 = -9*g. Let o = -95 - g. What is the remainder when 48 is divided by o?
3
Suppose 4*w + 2*p = 3*w + 17, 3*p = -4*w + 43. Calculate the remainder when 103 is divided by w.
5
Let f(g) = -g**3 - 20*g**2 - 41*g - 81. What is the remainder when 483 is divided by f(-18)?
6
Let d be (-14)/(-3)*(-3)/(-2). Suppose 2 = d*q - 6*q. Suppose q*h + 50 = 2*t, 0*h = 5*t - 3*h - 115. What is the remainder when 57 is divided by t?
17
Suppose 4*j - 202 = -3*n, 80*n - 123 = 78*n - 5*j. What is the remainder when n is divided by 49?
25
Let v = 6 + -1. Suppose -p = -v*c + 19, -c = p + 2*c - 21. What is the remainder when (-1)/(6*10/(-540)) is divided by p?
3
Let h = -1706 + -149. Calculate the remainder when h/(-20) + 5 + (-3)/4 is divided by 25.
22
Let c(f) be the first derivative of 31*f**3/3 - 3*f**2/2 - 4*f + 12. Calculate the remainder when c(-2) is divided by 32.
30
Let s = 246 - 229. Let n(u) = -u**2 + 8*u - 2. What is the remainder when s is divided by n(6)?
7
What is the remainder when 33 is divided by 40/6*(-132)/(-220)?
1
Suppose -7*l = -5*l - 910. Calculate the remainder when l is divided by 24.
23
Let a = -538 - -896. What is the remainder when a is divided by 87?
10
Suppose 144*s = 150*s - 1032. Calculate the remainder when s is divided by 40.
12
Suppose 2*r = -470 + 614. Calculate the remainder when r is divided by 35.
2
Let g(d) = d**2. Let j(n) = -14*n + 1. Let c(o) = g(o) - j(o). Calculate the remainder when 50 is divided by c(-15).
8
Let s be (2/5)/((-14)/(-1820)). Suppose -s = -2*y - 12. Calculate the remainder when 139 is divided by y.
19
Suppose -4*n + 3*l = -43, 13 = 4*n - 5*l - 24. Suppose 0 = -n*i + 16 + 166. Let r = -17 - -43. What is the remainder when r is divided by i?
12
Suppose 0*v = 2*v. Let u = -80 + 155. Suppose -b + 6*b - u = v. Calculate the remainder when 27 is divided by b.
12
Suppose 0 = 5*y - 5*n + n - 87, -49 = -3*y + 4*n. Suppose -6*k + 35 = -7. Calculate the remainder when 376/k + 45/35 + -1 is divided by y.
16
Let s(v) be the third derivative of -v**6/120 + 2*v**5/15 + v**4/3 - 11*v**3/6 - 9*v**2. What is the remainder when s(7) is divided by 24?
22
Let d = -562 - -645. What is the remainder when d is divided by 573/27 - 2/9?
20
Let n be (-3 + -1)/(10 - 8). Let k be (10/2)/((-5)/n). Suppose 4*p = -5*v + p + 37, 0 = -k*v - p + 14. What is the remainder when 9 is divided by v?
4
What is the remainder when 6*(-1*24)/(-8) is divided by 8?
2
Suppose c + 13 - 49 = -4*n, -4*n = 3*c - 28. Let f(v) = -2 + v**2 + 10*v - 1 + 6. Calculate the remainder when n is divided by f(-10).
1
Suppose 0 = 3*g + 4*f - 42, 0*f = 3*g + 2*f - 42. Calculate the remainder when 332 is divided by g.
10
Let b = 125 + -13. Calculate the remainder when b is divided by 17.
10
Calculate the remainder when ((-3)/(-3))/(69/28635) is divided by 104.
103
Let t = -97 + 240. What is the remainder when t is divided by ((-1450)/175)/(2/(-7))?
27
Suppose -615 - 43 = -7*p. Calculate the remainder when 205 is divided by p.
17
Calculate the remainder when 49 + (-4)/14 + (-50)/70 is divided by 17.
14
Let s(w) = 7*w - 8*w + 0 + 0. Calculate the remainder when 40 is divided by s(-14).
12
Let d be (-2)/((-4)/(-4)) + 2. Suppose 5*m - 3*h + 4*h = 12, 5*m - 4*h - 2 = d. What is the remainder when 4 is divided by m?
0
Let g(b) = -10*b**2 - 260*b - 2. What is the remainder when g(-10) is divided by 25?
23
Let y(g) = g + 5. Let q(r) = 2*